me factors of 17352 + 21 + 36/(-4).
2, 3, 1447
Suppose -3*f + t - 1979 = 0, 4*t - 3609 + 306 = 5*f. Let d = f - -352. Let v = -181 - d. List the prime factors of v.
2, 3, 7
Suppose -455*i + 471*i - 183232 = 0. List the prime factors of i.
2, 7, 409
Let u(l) = 4*l**2 - 2. Let q(n) = 5*n**2 - n - 2. Let t(w) = -3*q(w) + 4*u(w). Let g be t(-4). Suppose -g*h = 23 - 71. What are the prime factors of h?
2, 3
What are the prime factors of (-4)/((-8)/16126) + 1472/184?
7, 1153
Suppose -v = 2*i - 19, -3*i - 12*v + 18 = -7*v. Suppose 0 = i*m + 8*m - 8740. List the prime factors of m.
2, 5, 23
Suppose 3*r - 1362 = 1701. Suppose -4*m = -3*l + 2*l - r, 3*m - 3*l - 768 = 0. What are the prime factors of m?
3, 5, 17
Suppose 0 = 63*p - 41333 - 122530. What are the prime factors of p?
3, 17
Let g = 19872 - 5062. What are the prime factors of g?
2, 5, 1481
Let z(h) = -31052*h - 1544. What are the prime factors of z(-1)?
2, 3, 2459
Let g(f) = -f**2 + 20*f - 27. Let i be g(15). Let k = i - -45. What are the prime factors of -1*(1 + 1 - k)?
7, 13
Suppose -112*l - 6 = -115*l. Suppose -2*t - 3*x = 1, 0*t + 6 = 3*t + l*x. Suppose 0 = 2*d - 3*c - 126, 2*d - t*c = 145 - 19. List the prime factors of d.
3, 7
Let l = -8662 - -14077. What are the prime factors of l?
3, 5, 19
Let l be (-10)/(-8)*408/(-102). Let j(t) = -4 - 5 - 4*t - t**3 - 5*t**2 + 2. List the prime factors of j(l).
13
What are the prime factors of (5 - 1*(-7)/7) + 21508?
2, 31, 347
Suppose g = 160 - 151. What are the prime factors of (-12)/(-5)*((-6000)/g)/(-2)?
2, 5
Let v(l) be the first derivative of 3*l**4/4 - 2*l**3/3 - 15*l**2/2 + 2*l + 8. Let o be v(7). Suppose -10*b + o = -4*b. What are the prime factors of b?
2, 3, 23
Let x be 235/94*68/10. Suppose 5*b - 42 + x = 0, 0 = -2*j - 5*b + 1247. What are the prime factors of j?
13, 47
Let o = -304 + 175. Let g = 88 + o. Let l = 86 + g. What are the prime factors of l?
3, 5
Suppose -10*v = -27161 - 16862 + 213. What are the prime factors of v?
13, 337
Let s(f) = -f**3 - 23*f**2 + 29*f + 45. Let j be s(-24). Let x(q) = 2*q**2 - 7*q + 3. Let m be x(-6). Let g = j + m. List the prime factors of g.
2, 3, 7
Suppose 0 = 3*t - 0*t - 255. Suppose -98 = -2*z + 2*m, -z + 2*m - 6*m + 29 = 0. Let i = t - z. List the prime factors of i.
2, 5
Let b(a) = 4*a**2 - 5*a - 16. Let z = 2 - 6. Let j be b(z). Suppose 2*l - 10 - j = -4*s, l - 3*s - 19 = 0. What are the prime factors of l?
31
Suppose -2*s - 105 = -109. Suppose -2*a = -8, s*q - 7*q + 4*a + 2934 = 0. Let g = q + -353. What are the prime factors of g?
3, 79
Suppose 61*h + 8*h = -75*h + 940752. List the prime factors of h.
47, 139
Suppose -409 + 373 = 4*w. List the prime factors of 4434/7 - w/(-21).
3, 211
Suppose -33*g + 21059 + 456682 = 0. List the prime factors of g.
31, 467
What are the prime factors of 2727196/1332 - 4/9?
23, 89
Suppose 4116*m + 1082213 = 4153*m. List the prime factors of m.
11, 2659
Let c(s) = 3063*s**3 + 12*s**2 - 14*s + 3. What are the prime factors of c(1)?
2, 383
Suppose 12*s + 240 = 16*s. Let h(r) = 2*r**3 + 11*r**2 + 4*r. Let w be h(-5). What are the prime factors of (-4*3)/((-306)/s + w)?
2, 3, 5
Suppose 93719 = -94*i + 7830013. List the prime factors of i.
82301
Suppose -6*o + 8348 = -967 - 1119. List the prime factors of o.
37, 47
Let c(b) = -74*b + 17. Let s be c(-4). Let g = s - 151. What are the prime factors of g?
2, 3
Let d = 117 - -730. What are the prime factors of d?
7, 11
Suppose -4*v + l - 3086 + 24016 = 0, 5*l - 10 = 0. List the prime factors of v.
5233
Let y be (-4 - 828/15)*-5. Suppose v = 3*v - y. Suppose 0 = o - 3*o + v. What are the prime factors of o?
2, 37
Let t(i) = -i**3 - 3*i**2 + 10*i + 17. Let f be t(-4). Let k(l) = -169*l - 100. What are the prime factors of k(f)?
3, 19
List the prime factors of (339762/(-17) - 20)*10/(-7).
2, 5, 1429
Let i(d) = 2*d - 13. Let v be i(8). Suppose -3*r = v*o + 141, -3*o + 5*r - 100 = 41. Let x = -31 - o. List the prime factors of x.
2
Let i = 93 + 435. Let v = 1161 - i. What are the prime factors of v?
3, 211
Suppose 0 = -2*m - 4*u + 234, -5*m - 5*u = -0*m - 570. Suppose -7*y + m + 3529 = 0. List the prime factors of y.
2, 5, 13
Let v = 41 + -41. Suppose -l + 1072 = 4*c + 3*l, v = 5*c - l - 1352. Suppose -h = -5*i + c, -h = 5*i + 4*h - 270. List the prime factors of i.
2, 3
Let q(o) = 36*o - 224. Let l be q(17). Let w = l - 305. List the prime factors of w.
83
Let c = 165 - -2087. List the prime factors of c.
2, 563
Let u = 18943 + 3208. List the prime factors of u.
17, 1303
Let a(y) = -y**3 + y**2 - 4*y - 42. Let c be a(-5). Suppose -131*d + 207 = -c*d. What are the prime factors of d?
3, 23
Let l(n) = -n**3 - 10*n**2 - 17*n - 18. Suppose 5*z = -40 - 15. What are the prime factors of l(z)?
2, 5, 29
Suppose 0 = 4*v + v. Let l(d) = -d**3 + d**2 + d + 2. Let b be l(v). Suppose -b*f = -4*g - 0*f + 706, 0 = -3*g + 3*f + 528. What are the prime factors of g?
3, 59
Suppose 5*s + 5*v - 1 = 4*s, v = 1. Let b be ((-27)/6 + s)/(2/(-128)). Suppose 5*k + 2*f - 1368 = 0, -b = -k - k - 4*f. List the prime factors of k.
2, 137
Let l(p) = 10*p**3 + 8*p - 5*p**2 + p**3 + 23 + 15 - 12*p**3. What are the prime factors of l(-10)?
2, 229
Suppose -3*c - 11*k = -8*k - 54, 4*c = -3*k + 74. Let o = c - -123. What are the prime factors of o?
11, 13
Let b = 144 + -162. Let o = 726 + b. What are the prime factors of o?
2, 3, 59
Let l be 22/(-8) - ((-45)/12 + 4). Let c = 9 + l. What are the prime factors of ((-8)/3)/((-4)/c - 0)?
2
Let n = 15090 + 4319. What are the prime factors of n?
13, 1493
Let l = -180 - -84. What are the prime factors of (4/(l/(-40)))/(1/399)?
5, 7, 19
Let c be (-6 + 6)*-1*1. Suppose -12*y + 2585 - 53 = c. List the prime factors of y.
211
Let y = 194 - 194. Suppose 4*o + y*o = 8, 2*o + 2753 = 3*t. List the prime factors of t.
919
Let n(g) = -g**3 - 2*g**2 + 9*g - 2. Let c be n(-5). Let f(k) = 81 - c + 3*k + 2*k. What are the prime factors of f(24)?
173
Suppose 128*t = 114*t + 226646. What are the prime factors of t?
16189
Suppose -4*x - 12 = -5*u - 4, 5*x - 31 = -4*u. Let n(a) = a**2 + 22*a - 29*a**x - 22*a. List the prime factors of n(-1).
2, 3, 5
Let q = 273 + -269. Suppose 10 - 6 = 2*o, q*o + 1248 = l. List the prime factors of l.
2, 157
List the prime factors of (-12)/(-16)*10/25*10 - -2368.
2371
Suppose -54*x - 141296 + 412279 = -464713. What are the prime factors of x?
2, 13, 131
What are the prime factors of (-23)/(-3) + 48/(-72) + (4 - -58886)?
58897
Let k(h) be the second derivative of -h**5/20 + h**4/3 - h**2/2 + 36*h. Let a be k(3). Let u(l) = l**3 - 3*l**2 - 24*l + 8. What are the prime factors of u(a)?
2, 17
Suppose 0 = -t - 4, -3*q = -2*t + 5*t - 78. Suppose -q*b - 103 = -31*b. What are the prime factors of -3 + 3 + -3 + b + 1?
101
Let i(v) = -3*v**3 - 19*v**2 - 3*v - 8. Let q(z) = 15 + z - 15*z**2 + 5*z**3 + 4*z + 52*z**2. Let r(u) = -7*i(u) - 4*q(u). What are the prime factors of r(15)?
11
Let v be (-1)/((2 - -1)/1041). Let q = -68 - v. Suppose -4*s = q - 959. List the prime factors of s.
2, 5, 17
Suppose -70*t + 69*t + 140 = 0. List the prime factors of 64800/t - 3/((-63)/3).
463
Suppose -1029 = -34*d + 13*d. Suppose h - 1553 = -4*b, 2*b - 2*h = 725 + d. List the prime factors of b.
2, 97
Suppose 0 = 6*a - 443 + 689. Let f(v) = -32*v - 401. What are the prime factors of f(a)?
911
Let o(n) be the second derivative of n**5/10 - 31*n**4/12 + 13*n**3/6 + 31*n**2/2 - 5*n + 4. What are the prime factors of o(16)?
3, 5, 11
Let m(a) = 472*a**2 + 14*a - 13. Let n be m(1). Let c = n - 342. List the prime factors of c.
131
List the prime factors of (14952/(-56))/((-49)/(-25) + -2).
3, 5, 89
Suppose 1366883 = -36*u + 81*u - 14*u. List the prime factors of u.
7, 6299
Let m(u) = 17*u**2 + 2*u + 5. Let c be m(2). Suppose -c*p + 53*p = -24336. What are the prime factors of p?
2, 3, 13
Suppose -26*f = 35778 - 213098. What are the prime factors of f?
2, 5, 11, 31
Suppose p = 3*p - 10. Let b(m) = -2*m + 12. Let t be b(p). Suppose -q - 5*d = 4*q - 100, t*d = 6. List the prime factors of q.
17
Let a be ((-1)/(0 + 1))/(2/(-8)). Let f be (-16)/a + 4/1. Suppose f = 3*h - 454 + 145. List the prime factors of h.
103
Let x = -15 + 20. Suppose -c + 5*k + 823 = 0, 0 = 7*k - x*k. List the prime factors of c.
823
Let a = 22452 + -12821. List the